= 0. Let n = 49 - 8. Calculate the remainder when n - (-2)/(2/(-1)) is divided by d.
12
Suppose 0 = -11*r + 16*r - 75. Calculate the remainder when 56 is divided by r.
11
Suppose 0 = v + 4*v - j - 21, 0 = -4*v - 2*j + 28. Suppose x - 4 = -x. Let g(i) = 2*i**2 - i + 2. Calculate the remainder when g(x) is divided by v.
3
Suppose -4*i = -0 - 92. What is the remainder when i is divided by 3?
2
Let n = -14 - -23. Let w = n - 4. What is the remainder when 9 is divided by w?
4
Let a be (-4)/(-6) - (-2)/(-3). Suppose -2*x + 30 = 2*l, -l + 63 = -a*x + 4*x. Calculate the remainder when 31 is divided by x.
15
Let x = 254 + -149. Calculate the remainder when x is divided by 27.
24
Let s = 23 + -11. What is the remainder when 20 is divided by s?
8
What is the remainder when 42 + -1*2 + -2 is divided by (38 - 4 - -5)*1/3?
12
Let s(n) = 0 - 9 + 4*n - 2*n - 5*n. Suppose -5 = 5*b, 16 + 14 = -5*v + 5*b. What is the remainder when 46 is divided by s(v)?
10
Let y be 6/(-9)*150/(-4). Suppose y + 9 = 2*u. Calculate the remainder when u is divided by 81/6*2/3.
8
Suppose 2*b + 4*v - 2*v = 104, -2*b + v = -104. Let k = -34 + b. What is the remainder when k is divided by 10?
8
Suppose 4*b - 149 = 3*a, 0 = 2*b - a - 3 - 72. Calculate the remainder when 112 is divided by b.
36
Let c = -74 - -143. Calculate the remainder when c is divided by 20.
9
Suppose m - 122 = -m. What is the remainder when m is divided by 21?
19
Suppose 4*j - 2 - 22 = 0. Calculate the remainder when 9 is divided by j.
3
Let p = -128 - -189. Calculate the remainder when p is divided by 17.
10
Let w(y) = y**2 - 7*y - 4. Let g(t) = -4*t**2 + 21*t + 13. Let r(c) = 2*g(c) + 7*w(c). Calculate the remainder when 12 + (3 - 2)/(-1) is divided by r(-6).
3
Let a(k) = k**3 - 4*k**2 + 4*k - 5. Let w be a(4). Let x = w - 15. Let h = 4 - x. Calculate the remainder when 14 is divided by h.
6
Let d = 0 + -1. Let g = 2 + d. Suppose g = -c + 5. What is the remainder when 6 is divided by c?
2
Suppose -9*m = 45 - 180. What is the remainder when 27 is divided by m?
12
Let y(q) = -2*q - 3. Calculate the remainder when 110 is divided by y(-5).
5
Let b = 6 + -8. Let g = b + 5. Suppose -g*c = 3, 0 = 4*r + c + c - 70. What is the remainder when 53 is divided by r?
17
Let j(i) = 3*i**2 + 3*i - 2. Calculate the remainder when j(1) is divided by 4.
0
Let b(f) = 3*f**2 + 6*f + 7. Let l(o) = -o**2 - 1. Let n(a) = -b(a) - 6*l(a). Let c be (-3 - -10) + -3 + 1. Calculate the remainder when n(c) is divided by 15.
14
Suppose -6 - 34 = -5*h. What is the remainder when (2*(-3)/4)/((-3)/42) is divided by h?
5
Suppose -71 = -a - 6. Suppose -a = -4*v - v. What is the remainder when 25 is divided by v?
12
Let f = 23 + -26. Calculate the remainder when 54 is divided by (-2)/(f*8/132).
10
Calculate the remainder when 81 is divided by 36/((40/(-32))/(5/(-6))).
9
Let v(y) be the third derivative of -y**5/60 + 11*y**3/6 + 2*y**2. What is the remainder when v(0) is divided by ((-24)/(-4) + 2)/2?
3
Let z be -1*(-3)/6*2. Let k be ((-5*2)/(-2))/z. Suppose 0*s = s + 3*w - 27, 135 = k*s - 4*w. Calculate the remainder when s is divided by 14.
13
Let s = -10 - -29. Let f(y) = 5*y**2 - 2*y - 2. Calculate the remainder when f(3) is divided by s.
18
Suppose 0 = 5*h - 10 + 30. Calculate the remainder when 8 is divided by (h + 6)/((-2)/(-3)).
2
Let g = 37 - 3. Calculate the remainder when 169 is divided by g.
33
Suppose 0 = 93*f - 88*f - 55. Suppose 5*p - 28 = p. What is the remainder when f is divided by p?
4
Let p = -5 - -31. What is the remainder when 75 is divided by p?
23
Let i(m) = 48*m - 10. Let j(s) = -24*s + 5. Let o(q) = 4*i(q) + 9*j(q). Calculate the remainder when o(-3) is divided by 20.
17
Suppose -2*j - 18 = -2*m, 3*m - 5*j - 29 = -0*m. Calculate the remainder when 6/m + 66/8 is divided by 4.
1
Let j(u) be the second derivative of u**4/6 + 5*u**3/6 + 2*u**2 - 2*u. Suppose l + 7 = 2. Calculate the remainder when j(l) is divided by 15.
14
Suppose 4*v = 5*i - 63, -i - 2*v + 8 = 1. Calculate the remainder when i is divided by 3.
2
Suppose 3*w + 11 = 2*w - 4*s, -3*w + 5*s = -1. Let n(h) = h**2 + h - 7. What is the remainder when (36/10)/(w/(-20)) is divided by n(-5)?
11
Let x be 24/10 + (-10)/25. Let z(q) = 24*q - 3. Calculate the remainder when z(x) is divided by 24.
21
Suppose 4*q + 37 + 9 = 3*v, q + 57 = 4*v. What is the remainder when 25 is divided by v?
11
Let y be 2 + (1 - (0 - 18)). Let h = y + 15. Let z = h + -11. Calculate the remainder when z is divided by 9.
7
Suppose 3*i + 4*f = -2*i + 335, -2*f + 10 = 0. What is the remainder when i is divided by 32?
31
Let w(r) = r**3 + 2*r + r**2 - 5*r**2 - 4*r**2 - 6. Let m(t) = t**2 + 7*t + 11. What is the remainder when m(-8) is divided by w(8)?
9
Suppose -2*q - 2 + 22 = 0. Let d = -1 + 0. Let m = 18 - d. What is the remainder when m is divided by q?
9
Let y = -5 + 16. Let a = y + 0. What is the remainder when a is divided by 3?
2
Let p(i) = -2*i**2 - 2*i + 3. Let r be p(2). Let n(b) = b**2 + 7*b + 8. What is the remainder when n(r) is divided by (-1 - -2) + (-1 - -9)?
8
Let w = -58 + 60. Calculate the remainder when 19 is divided by w.
1
Suppose -4*v = v - 60. Calculate the remainder when 47 is divided by v.
11
Let d be (-42)/(2/(-1 - 0)). Suppose -4*w + 35 + d = 0. What is the remainder when (-12)/((-46)/20 - -2) is divided by w?
12
Let k(z) = 2*z**2 - 12*z + 31. What is the remainder when k(9) is divided by 43?
42
Suppose 2*z = 5*z - 123. Suppose 4*k - 3*y + 2 = 121, -k + 3*y + z = 0. Suppose -9 - k = -5*p. Calculate the remainder when p is divided by 3.
1
Let o = -1 - -4. Let p = 2 - 4. Calculate the remainder when 56/(-3)*o/p is divided by 15.
13
Let p = 44 + -5. Calculate the remainder when p is divided by 21.
18
Let a(z) = 2*z**2 - 10*z + 11. What is the remainder when a(7) is divided by 14?
11
Suppose 3*h + 43 = -152. Let n = -16 - h. Let m = 24 - 11. What is the remainder when n is divided by m?
10
Let x be 3 - (230*2)/2. Let p be x/3 - 1/3. Let s = p + 117. Calculate the remainder when s is divided by 14.
13
Suppose 3*x = 15 + 39. What is the remainder when 85 is divided by x?
13
Let o(x) = 23*x + 19. What is the remainder when o(3) is divided by 15?
13
Suppose 0 = -2*n + 3*u + 16, u = 4 - 8. Suppose 2*m + 4*k + 246 = 0, -n*m = m - k + 362. Let w = -86 - m. What is the remainder when w is divided by 18?
17
Let j = -60 + 111. What is the remainder when j is divided by 8?
3
Suppose -5*q + 12 = -q. Suppose 2*w - 13 = -q*y - 2*y, 0 = 5*y - 5. Suppose w*m + m = 5. What is the remainder when m is divided by 1?
0
Let h(s) = s**2 - 7*s + 10. What is the remainder when -3*(-6 - (-3 - -6)) is divided by h(7)?
7
Let g(b) = b - 5. Let j be g(9). Suppose -20 = 5*y, -3*h - 3*y = -j + 1. What is the remainder when h is divided by 2?
1
Let p = 32 + -17. Calculate the remainder when p is divided by 4.
3
Suppose 2*t - 82 = -t - 5*l, -3*l + 158 = 5*t. Calculate the remainder when t is divided by 7.
6
Let x(m) = m + 7. Let a be ((-12)/(-15))/((-6)/(-45)). Let j be x(a). Suppose -2*l + 3*i = -j, 3*i + 7 = l + i. What is the remainder when l is divided by 3?
2
Suppose 0*h = -5*h + 30. Let p = 4 + h. Calculate the remainder when 28 is divided by p.
8
Let y(z) = 17*z + 2. Let g be y(-1). Let c = -7 - g. What is the remainder when c is divided by 5?
3
Let h(q) be the first derivative of 3 - 2*q**2 + 1/3*q**3 + q. Calculate the remainder when h(7) is divided by 6.
4
Let g(b) = 8*b - 3. Let o(d) = -8*d + 2. Let m(v) = 5*g(v) + 6*o(v). Let k = -93 - -131. What is the remainder when k is divided by m(-2)?
12
Let x(c) = -39 + 39 + 24*c - 11*c. Calculate the remainder when 49 is divided by x(1).
10
Let z be ((-464)/24)/((-4)/6). Let q = 54 - z. Suppose -2 = -h + 7. What is the remainder when q is divided by h?
7
Let z be (-35 - (2 - 5))*-1. Suppose 0 = -0*y - 4*y + z. Calculate the remainder when 5 is divided by (-3 + 1)*(-12)/y.
2
Let s(d) = d**3 - 6*d**2 - d + 4. Let w be s(6). Let t be (2/4)/(1/w). What is the remainder when (t + -23)/(3/(-4)) is divided by 11?
10
Let j(h) = h**2 + 6*h - 36. Calculate the remainder when 143 is divided by j(-12).
35
Suppose -o - 60 = -2*t + 3*o, 4*t - 90 = 2*o. Let m = t - 14. What is the remainder when 17 is divided by m?
5
Let a(c) = -c**3 - c**2 + 9*c + 4. Calculate the remai